 + 21. Let n be x(6). Suppose 0 = 2*r - n - 2347. Is r composite?
False
Let v(u) = 3241*u**3 - 99 + 3859*u**3 - 6*u**2 + 100 + 2*u. Let l(f) = -7101*f**3 + 5*f**2 - 2*f - 1. Let d(t) = -3*l(t) - 2*v(t). Is d(1) a composite number?
False
Let v(b) = -1883*b + 108. Is v(-19) a prime number?
False
Let t(w) be the first derivative of 4151*w**3 - 2*w**2 - 8*w + 176. Is t(-1) prime?
False
Let m(i) = i**2 - 1. Let g = -47 - -45. Let j be m(g). Suppose -4*h + u = -1153, 7 = -2*u - j. Is h a prime number?
False
Let k = -892082 + 1581339. Is k a prime number?
True
Let i(o) = 18*o**2 - o - 1. Let r be i(-1). Let z(u) = u**3 - 11*u**2 + 17*u - 73. Is z(r) prime?
False
Let k(s) = 33*s**2 - 27*s + 13. Let q = -34 - -51. Is k(q) prime?
True
Let o(h) = -3218*h + 7. Let u be o(-3). Suppose -u = 702*p - 703*p. Is p composite?
False
Is 101004 - (-1)/((1/20)/((-4)/(-16))) composite?
False
Suppose 2*c = 6, 19555 = 2*m + 3*c - 3072. Is m a composite number?
True
Let y(b) = 68*b**2 - 2*b - 13. Let m be y(-5). Let l = 8106 + m. Is l composite?
False
Let m be (-8)/60*-39 + 1/(-5). Let d(g) = -g**3 + 5*g**2 - g + 6. Let p be d(m). Is p/2*(1 + 317) a composite number?
True
Suppose 0 = -4*j + 5*t + 135768, -3*j - 40398 = -2*t - 142231. Is j prime?
False
Is 2/(-8)*15/6*16974192/(-30) prime?
True
Suppose 4*h = -12*y + 13*y - 15491, -46548 = -3*y - 3*h. Is y composite?
False
Let y(r) = 386 - 397 + 8*r**2 - 11*r - 2*r**2 + r**3 + 7*r**2. Let u be y(-12). Let q = -42 + u. Is q prime?
True
Suppose d = 0, -29*j - 2*d = -26*j - 34203. Is j prime?
False
Suppose -35 - 13 = 8*q. Let m(u) = 281*u**2 - 2*u + 39. Is m(q) prime?
False
Is 132/231 - 2155995/(-21) prime?
True
Let n be ((-55)/22)/((-1)/(-2)). Let t be (-4)/(5/n + -1). Is t/(-11) - (-3225)/11 composite?
False
Suppose 63 + 36 = 9*c. Suppose -17*w + c*w + 47394 = 0. Is w composite?
True
Let g be 725/200 + (-6)/(-16). Is 3/g - 2566590/(-120) a prime number?
False
Let c(m) = 3*m**2 + 2*m + 1. Let a be c(-1). Suppose 2*x + 91 = 2*r - x, -42 = -r - a*x. Suppose -5*u = r - 859. Is u a prime number?
True
Is (-7 + 22/3)*411429 prime?
True
Suppose 5*h = 2*l - 424, -7*h + 6*h - 86 = -l. Is (-78684)/h + (-6)/(-21) composite?
False
Let d be 76/18 + -4 - (-140)/18. Suppose -4*m = -d*m + 36. Suppose m*q - 177 = 6*q. Is q a composite number?
False
Suppose -l - 620 = -5*r, -4*l - 4*r - 2565 = -7*r. Let c = l - -1136. Is c prime?
True
Let q(b) = 1663*b + 202. Suppose 26*t - 93 = -5*t. Is q(t) prime?
False
Suppose -69271 = -5*j + 25*u - 28*u, -2*j - 5*u + 27678 = 0. Is j a prime number?
True
Let l(a) = -a**3 - 7*a**2 - a + 1. Let f be l(-3). Let n be ((-763)/(-2))/((-4)/f). Suppose 4*k - 8*k + n = 0. Is k composite?
True
Is (-3)/(54/(-2039018)) - 1060/(-4770) a composite number?
False
Suppose -423490 = -104*v - 60426. Is v prime?
True
Let n = -31836 + 54799. Is n prime?
True
Suppose 0 = 3*m - 3*j + j + 1975, 3*m + 2*j + 1979 = 0. Let t(f) = 112*f**2 - 2*f - 6. Let o be t(-4). Let q = o + m. Is q a composite number?
True
Suppose 13936*z - 13926*z - 228910 = 0. Is z composite?
True
Suppose 5*i - 2*i - 39 = 0. Let n(x) = x**3 - 13*x**2 - x + 18. Let z be n(i). Suppose -4*r - z*m = -357, 0 = 2*r + m - 199 + 16. Is r prime?
False
Let k be -19*(-4)/(4/(-3)). Let p = k - -53. Is (1/p)/((-7839)/7836 + 1) a prime number?
True
Let b = -1164 + 1723. Suppose -2*m + 509 = -b. Suppose -3*c + m = 105. Is c composite?
True
Let r = -153 - -159. Is (-6)/4 - (-663)/r a composite number?
False
Suppose k + 4*k = -30. Let a(y) = -15*y + 23*y - 7 - 52*y. Is a(k) a composite number?
False
Suppose 97*w - 1210130 = 92*w + n, 6*n + 726051 = 3*w. Is w a composite number?
True
Let m = 175 - 287. Let a = -157 - m. Is (-1993)/(-15) - 6/a a prime number?
False
Suppose -26*i = 26*i - 4720701 - 51914735. Is i composite?
True
Let v = 628 - 622. Suppose 37883 - 176117 = -v*i. Is i prime?
True
Let n = -30 + 33. Suppose i - 4*d = 4, n*d + 18 = 3*i + 6. Suppose -4*s - 3 = 5, 0 = -i*a - 4*s + 5580. Is a a composite number?
True
Let c = 101 + -94. Suppose c*o + 6*o = -39. Is (-8)/4*((-1761)/(-2))/o prime?
True
Let u(r) = -r**3 + 14*r**2 + 15*r + 7. Let l be u(15). Suppose -l*m + 174 + 3130 = 0. Suppose z = -0 + 1, -2*p - 2*z = -m. Is p composite?
True
Suppose -3*r - 84 = 4*r. Let j(d) be the third derivative of d**5/60 - d**4/24 - 11*d**3/6 - d**2. Is j(r) composite?
True
Let r(a) = 12028*a**2 - 6*a + 4. Let p be r(1). Suppose 3*d - 36455 = -p. Is d prime?
False
Is 3924 - 7 - 9 - (4 + -3) composite?
False
Let g = -138 - -151. Suppose 3*n + 18829 = 4*c, 15*n - g*n + 23545 = 5*c. Is c prime?
False
Let r(v) = -20625*v - 431. Is r(-8) a composite number?
False
Suppose -10*n - 194 = 3*a - 6*n, 2*n + 202 = -3*a. Is 315276/21 - (-10)/a a prime number?
True
Let g(t) = 5460*t - 390. Let s(d) = -182*d + 13. Let i(o) = -3*g(o) - 91*s(o). Is i(3) composite?
True
Let d(r) = r**3 - 24*r**2 - 23*r - 13. Let s be d(25). Suppose 1114 = s*c - 35*c. Is c a prime number?
True
Let c(y) be the first derivative of -689*y**2/2 - 36*y - 63. Is c(-5) a composite number?
True
Suppose 0 = 75*u - 76*u + 125. Let q = u - -214. Let r = q - -58. Is r a prime number?
True
Let t(i) = -6*i**3 + 13*i**2 - 270*i + 102. Is t(-35) a prime number?
False
Let l be (-4 - -8)*(-4)/((-32)/34). Is (2 - (-14)/(-6))*-69*l prime?
False
Suppose 26 - 1 = 5*t. Suppose t*b - 2716 = 4089. Is b prime?
True
Suppose -5*u + 2*u + 6 = 0. Suppose 4*s = 0, -4*v + u*v = -4*s - 18. Is 6/v*7362/12 prime?
True
Let h(w) = 109837*w**2 + 196*w + 383. Is h(-2) a composite number?
False
Let i = -31904 + 101451. Is i prime?
False
Is 182/104 + 1*438874/8 a prime number?
False
Suppose f = -957*i + 955*i + 169585, -3*i - 339163 = -2*f. Is f composite?
False
Let p = -67 + 55. Let g(f) = f**2 - 5*f + 31. Is g(p) composite?
True
Let h be (-13 + -25)/((-2)/(-37 - -1)). Let p be h/(4 - 2) + (-1 - 0). Let g = -81 - p. Is g prime?
False
Let x = 598442 - 328149. Is x composite?
True
Let c(j) = 30*j**3 - 7*j**2 + 3*j + 7. Let p(x) = -61*x**3 + 15*x**2 - 7*x - 15. Let l(k) = 5*c(k) + 2*p(k). Is l(4) prime?
True
Let g(n) = -n**3 + 4*n**2 - n + 9. Let h be g(4). Suppose h*u - k - 69763 = 0, 5*u - 74784 + 5023 = 2*k. Is u/7 - 4/14 composite?
False
Let f = 7343 - -8450. Is f prime?
False
Let l = 284 + -283. Is ((-1536990)/(-10))/7 - (-1 - l) a composite number?
True
Let b(q) = -35*q**3 - 2*q**2 + 6*q + 14. Let x be (6/(-30))/((-1)/(-10)). Is b(x) a prime number?
False
Let h = 1278 + 11384. Suppose -n + h = 12*n. Is n composite?
True
Suppose 8*p - 4*a - 3021 - 3023 = 0, 3*a = -4*p + 2997. Is p composite?
True
Let y(s) = s**2 - s - 3. Let v be y(3). Suppose -2*t = -t - f + 3, -5*f + 25 = 0. Suppose -m - 134 = -t*m - v*w, -295 = -2*m + 3*w. Is m a composite number?
True
Let a(m) = 90*m - 92*m + 181 + 74*m. Is a(24) prime?
False
Is (0 + -514)/(38 - (-2682680)/(-70595)) composite?
True
Suppose -1371 = -7*a - 12550. Let z = 879 + a. Let u = z + 1724. Is u composite?
True
Suppose -a + 3*g + 2337 = 0, 3*g = 2*a - g - 4674. Let r = -1398 + 542. Let q = a + r. Is q prime?
True
Let c(d) = -8*d + 681. Let l be c(0). Suppose 2*p = -2*v + 3*v - l, -2*v + 1365 = -p. Is v a composite number?
False
Let g(q) be the second derivative of 346*q**3/3 - 25*q**2/2 - 1629*q. Let n = 8 - 5. Is g(n) composite?
True
Suppose -2*a + 11 = 2*u - 21, 94 = 5*u - 2*a. Suppose -4*x = 4, 5*n + 5 - u = 3*x. Suppose n*r - 3*g - 923 = 0, 12 = -5*g - 3. Is r composite?
False
Let i = 3887 + -2613. Suppose 0 = 2*j + 3*s - i, -5*j + 730 + 2445 = 5*s. Is j composite?
False
Let s be -6 + (3 + -4 - -286). Let k be ((-352)/(-20))/(1/(-5)). Let r = s + k. Is r a composite number?
False
Let u = 21 + -32. Let c = u - -21. Let t(q) = 69*q - 17. Is t(c) prime?
True
Let b(w) = 7677*w - 6064. Is b(9) a composite number?
False
Let x(d) = d**3 - 21*d**2 + 21*d - 16. Let h be x(20). Is 268/h - (-2 - -2)/(-4) composite?
False
Let x be (-2 - 2) + (-16)/(-2). Suppose -x*n = -n - 2277. Is (-3 - 0) + 1 + n a prime number?
True
Let m = -308 - -312. Suppose 2*w - 2 = 0, -m*w + 0*w - 5577 = -f. Is f composite?
False
Let s be (2 + 72)*2/4. Let l = 1407 - -18573. Is l/s - (-2)/(-2)*-1 prime?
True
Suppose 49568 = o - 6*c + 10*c, -2*o = 5*c - 99142. Suppose -4*v = 4*m - 49580, -4*m + 3*v - o = -8*m. Is m a prime number?
True
Suppose 